. Let m be 3/2*(-100)/x. Let q be 1/((-9)/5 + 2). Calculate the greatest common divisor of q and m.
5
Suppose 12 + 33 = 3*i - 3*a, a = 4*i - 72. Suppose o - k = -4 - 3, 5*k + 10 = -4*o. Let v = o + i. What is the greatest common divisor of 70 and v?
14
Let s(h) = h**3 + 4*h**2 - 3*h - 2. Let o(p) = p**2 - 5*p. Let k be o(4). Let t be s(k). Calculate the highest common divisor of 50 and t.
10
Suppose -3*c = 0, -4*c = -2*m - 3*c + 16. What is the highest common divisor of m and 16?
8
Let o = -30 - -31. Calculate the highest common factor of o and 9.
1
Let k(s) = -s + 14. Let x be k(-7). Calculate the highest common divisor of 7 and x.
7
Let i(x) = 3*x**2 + x - 10. Let n be i(-5). Calculate the highest common factor of n and 15.
15
Let p be 10/(-35) - 1124/(-14). Let a = 21 + -5. Calculate the greatest common factor of p and a.
16
Suppose 5*z - 4*z - 3 = 0. Let h(o) = -o + 2. Let x be h(-10). Calculate the highest common factor of z and x.
3
Let l = -73 - -108. Calculate the greatest common factor of l and 7.
7
Suppose -6 = 5*s - 1, s = -5*v + 249. Calculate the highest common divisor of 30 and v.
10
Suppose 2*x - 8 - 12 = 0. Let n(k) = k**2 - 6*k. Let r be n(x). What is the greatest common factor of 5 and r?
5
Let b = 15 + -10. Suppose -s = -n - 8, -6 = b*n + 9. Calculate the highest common factor of 40 and s.
5
Let z(n) = -14*n - 7. Let x be z(-6). Let b = 44 + -33. Calculate the highest common divisor of b and x.
11
Suppose 0 = -3*v + 3*t - 0*t + 153, 0 = -5*v - t + 243. Calculate the greatest common factor of v and 245.
49
Suppose 0 = 3*q - 4*q + 1. Let c be 0 + (0 - q)/(-1). What is the greatest common divisor of 11 and c?
1
Suppose -2*h = -5*w - 0*h + 14, 4 = 5*w + 3*h. Let y(p) = -3*p**2 + p - 6*p + 2*p**w - 1. Let v be y(-2). What is the greatest common factor of 1 and v?
1
Let g be (-16)/20*50/(-4). What is the highest common divisor of g and 10?
10
Let m be 1 + 260/3 - (-1)/3. What is the highest common divisor of m and 22?
22
Let i(l) = 14*l**2 + l. Let m be i(1). Let h = -6 - -9. Suppose 0 = -3*s + 9, -h*s + 0 + 4 = -u. What is the greatest common factor of u and m?
5
Let a(m) = 4*m - 29. Let p be a(10). Suppose 2*o - 99 = -o. Calculate the greatest common divisor of p and o.
11
Let o(s) = -s**3 - 8*s**2 + 7*s + 8. Let t be o(-9). What is the highest common factor of 208 and t?
26
Let s(x) = -x + 6. Let y be s(-6). Suppose 2*t + 11 = 2*r - r, -2*r + 18 = -3*t. Let j = r + 15. Calculate the highest common factor of j and y.
6
Let n(c) = 12*c**2 + 8*c - 10. Let x be n(5). What is the greatest common factor of x and 33?
33
Suppose 6*o - 129 = 333. Calculate the greatest common factor of o and 11.
11
Let y be 0 - (-2 - 0 - 1). Let a = 19 - -5. Calculate the greatest common factor of a and y.
3
Let q(t) = -t**3 - 6*t**2 - 5*t + 1. Let b be 2/4*0/(-1). Suppose b = -0*n - 3*n - 15. Let m be q(n). Calculate the highest common divisor of 1 and m.
1
Let x(j) = -7*j - 7. Let b be x(-6). Let s = -15 + 4. Let p = b + s. What is the greatest common divisor of p and 36?
12
Suppose f - 3*b = -16, 0 = 5*b - 13 - 2. Let z = 13 + f. Calculate the greatest common divisor of z and 66.
6
Let p be -7*(4*9/(-14) + 2). What is the greatest common factor of p and 4?
4
Let v = 40 + 5. Calculate the highest common divisor of v and 9.
9
Suppose -8 = a - 2*t, -3*a - 3*t - 2 = -a. Let v be (5 - 7)/(a/2). Calculate the greatest common factor of v and 7.
1
Let h(d) = -d**2 + 11. Suppose -b = -3*s - 12, -2*b - 2*b = s + 4. Let o be h(b). What is the highest common factor of 121 and o?
11
Let d(x) = 26*x + 10. Let m be d(7). Let n(s) = -2*s**3 + 2*s**2 + s + 2. Let w be n(-2). Calculate the highest common divisor of m and w.
24
Let d be (-5)/((-2 - -4) + -3). Calculate the greatest common divisor of d and 20.
5
Suppose -79 = -3*g + 68. What is the greatest common factor of g and 7?
7
Let s(y) = 2*y - 2. Let z be ((-1)/(-2))/((-2)/(-8)). Let p be s(z). Suppose p*a = -0*a + 24. What is the greatest common divisor of a and 60?
12
Suppose 19*k = 20*k - 136. Calculate the highest common divisor of 17 and k.
17
Let r = -1 - -6. Suppose -40 = -r*y + 50. What is the highest common divisor of y and 54?
18
Suppose 0 = 3*a - r - 2*r - 3, 4*r = 2*a + 2. Let x = 32 + -23. Calculate the highest common divisor of a and x.
3
Suppose -56 = -2*t - 3*h, 0 = 4*t + 3*h - 5*h - 96. Suppose -2*s + 140 + 10 = 0. Calculate the greatest common divisor of t and s.
25
Let d be (6 - 7)/((-2)/10). Let r(p) = -p**2 + 8*p - 6. Let y be r(d). Calculate the greatest common divisor of y and 45.
9
Let i = 293 + -50. What is the highest common divisor of i and 27?
27
Let n(g) = -5*g + 2. Let i be n(-9). Calculate the greatest common divisor of i and 517.
47
Suppose 2*m - 4*k = 156, -k - 294 = -3*m - 35. What is the highest common factor of m and 8?
8
Suppose 3*x + n = 23, -5*x + 5*n + 57 = 2*n. What is the greatest common factor of 63 and x?
9
Let t(a) = a**3 - 4*a**2 + 2. Let x be t(4). Suppose -5*g = -4*i + 84, g = -x*i + 2*g + 42. What is the highest common factor of i and 7?
7
Suppose 2*a = 6*a - 180. Let s be a/4 + 2/(-8). What is the highest common divisor of 88 and s?
11
Let m = 31 + -1. Suppose -5*c + 7 + 1 = 3*k, -3*k + 16 = c. What is the highest common factor of m and k?
6
Let w = -4 - -14. Suppose 5*l - 55 = -5*g, -2*g + 9 = 17. What is the greatest common divisor of l and w?
5
Let h(w) = w**2 + 4*w - 2. Let y be h(-6). What is the greatest common factor of 70 and y?
10
Let i(n) = -n - 19. Let z be i(-19). Suppose z*t = -5*t + 25. What is the greatest common divisor of 40 and t?
5
Suppose 0 = -8*m - 2 + 34. What is the greatest common divisor of m and 26?
2
Suppose 0 = 3*u - 4*v - 190, v = 4*u + 3*v - 224. Let k = u - 33. Suppose 0 = 3*o - k - 83. Calculate the highest common factor of 9 and o.
9
Let a be ((-12)/(-10))/((-1)/(-120)). What is the greatest common factor of 18 and a?
18
Let j = -16 + -5. Let m be 14/j - 274/(-6). Let d be 146/10 - 6/(-15). Calculate the highest common divisor of m and d.
15
Let i(a) = a**2 - 2*a - 21. Let v be i(-9). What is the greatest common divisor of 117 and v?
39
Let r = 143 + -102. Suppose -3*n - 14 = z - r, 4*z - 94 = 2*n. What is the greatest common divisor of 24 and z?
24
Let k be -1 - 1/2*-2. Let l = k + 7. Let b = 15 + -8. Calculate the greatest common divisor of b and l.
7
Let m be (-1)/((-4)/(-8)) + 9. Calculate the highest common factor of m and 63.
7
Suppose 3*a - 3*t - 51 = 0, -t = -4*a + a + 43. Let i = 49 + 68. What is the highest common divisor of a and i?
13
Let f be (-108)/(-7) - (-28)/49. What is the highest common divisor of 40 and f?
8
Let h(t) = -t**2 + 3*t**2 + t**3 + 1 + t**2. Let a be h(-3). Let y = a - -3. Calculate the greatest common divisor of 44 and y.
4
Let t be 1/((-1 + -1)*(-2)/28). What is the highest common divisor of 28 and t?
7
Suppose 3*r = 4*i + 401, -3*r = -0*i + i - 406. Let p = 0 - 0. Suppose p = -k - 0*k + 15. Calculate the greatest common factor of k and r.
15
Let p(m) = 5*m. Let n be p(14). Calculate the highest common divisor of 28 and n.
14
Suppose 8 = 2*d - 0. Calculate the highest common divisor of 4 and d.
4
Let t = 0 - -11. Suppose 110 = 5*o - 3*a, -2*o = -5*o - 3*a + 66. What is the highest common divisor of t and o?
11
Suppose 3*z - j + 4*j = 441, 3*z - 5*j = 473. Suppose -4*m + z + 9 = 0. Calculate the highest common divisor of 8 and m.
8
Suppose -2*j = 2*f - 14, -3*j + 17 = f - 0*j. What is the highest common divisor of f and 2?
2
Suppose -5*z + 5*p + 0*p + 5 = 0, 0 = -p. Calculate the highest common factor of z and 3.
1
Let j be ((-22)/(-10))/(12/60). What is the highest common factor of j and 11?
11
Let k be (-1730)/(-15) + 1/(-3). Let y(a) = -a**3 - 7*a**2 - 17*a - 12. Let b be y(-5). Calculate the highest common factor of b and k.
23
Let t be -284 + (2 - 1) - 0. Let f = t - -403. Let y = 8 - -7. What is the highest common divisor of y and f?
15
Let k = 38 - 17. Calculate the greatest common factor of k and 168.
21
Suppose 0 = -2*i - 0 + 42. Suppose 0 = -2*n + 28 - 2. Let x = 27 - n. What is the greatest common divisor of x and i?
7
Let s(l) = 5 + 5*l + 7 - 4*l. Let g be s(0). What is the greatest common divisor of 24 and g?
12
Suppose 3*x = 26 + 10. What is the highest common divisor of x and 2?
